at is the highest common divisor of 3717 and 27?
9
Calculate the greatest common divisor of 832 and 512.
64
What is the highest common factor of 1 and 127?
1
What is the highest common factor of 40 and 26920?
40
Calculate the greatest common factor of 1794 and 26.
26
Calculate the greatest common divisor of 640 and 30.
10
What is the greatest common factor of 2385 and 742?
53
Calculate the highest common divisor of 60 and 390.
30
Calculate the greatest common factor of 60 and 235.
5
What is the highest common divisor of 96 and 120?
24
Calculate the highest common factor of 14448 and 24.
24
Calculate the greatest common divisor of 105 and 9.
3
What is the highest common factor of 295 and 5?
5
Calculate the highest common factor of 414 and 126.
18
What is the greatest common factor of 54 and 11889?
9
What is the greatest common factor of 22 and 297?
11
Calculate the greatest common factor of 168 and 48.
24
What is the highest common divisor of 12 and 1356?
12
What is the greatest common divisor of 50 and 225?
25
What is the greatest common divisor of 868 and 112?
28
Calculate the highest common divisor of 7 and 5033.
7
What is the greatest common divisor of 200 and 150?
50
What is the highest common factor of 76 and 646?
38
What is the highest common divisor of 76 and 76?
76
What is the greatest common divisor of 115 and 46?
23
Calculate the greatest common factor of 16 and 25552.
16
What is the greatest common divisor of 3 and 177?
3
Calculate the highest common factor of 135 and 27.
27
What is the highest common factor of 2665 and 130?
65
What is the highest common divisor of 533 and 123?
41
What is the highest common divisor of 77 and 11?
11
Calculate the highest common factor of 9 and 4.
1
Calculate the greatest common factor of 16902 and 90.
18
What is the highest common factor of 48 and 888?
24
Calculate the greatest common divisor of 5 and 92.
1
Calculate the greatest common factor of 486 and 81.
81
Calculate the greatest common divisor of 180 and 105.
15
What is the greatest common factor of 104 and 39?
13
Calculate the greatest common factor of 6 and 254.
2
What is the highest common factor of 1144 and 169?
13
Calculate the greatest common divisor of 203 and 889.
7
Calculate the greatest common factor of 69 and 575.
23
What is the highest common divisor of 52 and 20501?
13
Calculate the highest common factor of 80 and 1360.
80
What is the greatest common factor of 1771 and 1386?
77
Calculate the highest common divisor of 32 and 96.
32
What is the greatest common divisor of 105 and 420?
105
What is the greatest common factor of 6 and 1578?
6
Calculate the greatest common factor of 12 and 356.
4
What is the greatest common divisor of 12474 and 154?
154
What is the greatest common divisor of 33 and 22?
11
What is the greatest common factor of 936 and 12402?
234
What is the highest common factor of 13 and 6?
1
Calculate the highest common factor of 282 and 21526.
94
What is the highest common divisor of 208 and 48?
16
Calculate the greatest common factor of 2 and 74.
2
Calculate the highest common factor of 17 and 3.
1
What is the greatest common factor of 44 and 385?
11
What is the highest common divisor of 4 and 1052?
4
Calculate the highest common factor of 715 and 130.
65
Calculate the highest common divisor of 18 and 5013.
9
Calculate the highest common divisor of 344 and 48.
8
What is the greatest common factor of 648 and 264?
24
What is the highest common factor of 5 and 265?
5
Calculate the highest common factor of 8 and 1756.
4
Calculate the greatest common factor of 54 and 162.
54
Calculate the greatest common factor of 68 and 340.
68
Calculate the highest common factor of 296 and 37.
37
Calculate the greatest common divisor of 30 and 105.
15
Calculate the greatest common factor of 15 and 1005.
15
Calculate the greatest common divisor of 160 and 280.
40
Calculate the greatest common divisor of 240 and 4272.
48
What is the highest common divisor of 1313 and 65?
13
Calculate the greatest common divisor of 42 and 1344.
42
What is the greatest common factor of 190 and 23978?
38
Calculate the highest common factor of 882 and 3283.
49
What is the greatest common divisor of 253 and 11?
11
What is the highest common divisor of 18 and 108522?
18
What is the highest common factor of 49 and 833?
49
What is the greatest common divisor of 44 and 7271?
11
Calculate the highest common divisor of 24 and 804.
12
Calculate the greatest common divisor of 535 and 749.
107
What is the greatest common factor of 45 and 120?
15
What is the highest common factor of 160 and 200?
40
What is the greatest common factor of 12 and 4?
4
Calculate the highest common divisor of 66 and 176.
22
What is the highest common divisor of 637 and 117?
13
Calculate the highest common divisor of 63 and 315.
63
What is the highest common divisor of 69 and 184?
23
Calculate the highest common factor of 66 and 110.
22
What is the greatest common factor of 603 and 871?
67
Calculate the highest common divisor of 348 and 36.
12
What is the greatest common divisor of 4004 and 91?
91
What is the greatest common divisor of 2072 and 3248?
56
Calculate the greatest common factor of 47 and 1363.
47
What is the greatest common divisor of 96 and 160?
32
Calculate the highest common divisor of 6420 and 150.
30
Calculate the highest common divisor of 200 and 820.
20
Calculate the greatest common factor of 2077 and 67.
67
What is the highest common factor of 1518 and 231?
33
What is the greatest common factor of 40 and 10?
10
Calculate the greatest common divisor of 37768 and 8.
8
What is the highest common divisor of 28 and 742?
14
What is the highest common factor of 816 and 1377?
51
What is the highest common factor of 4 and 54?
2
What is the greatest common factor of 143 and 198?
11
Calculate the highest common factor of 7663 and 679.
97
What is the highest common factor of 432 and 32?
16
What is the highest common divisor of 513 and 27?
27
Calculate the highest common divisor of 210 and 1410.
30
What is the greatest common factor of 182 and 1638?
182
Calculate the highest common divisor of 180 and 26340.
60
What is the highest common factor of 104 and 1404?
52
What is the greatest common factor of 36 and 225?
9
What is the greatest common divisor of 74 and 5883?
37
What is the greatest common divisor of 12 and 942?
6
What is the highest common divisor of 108 and 12?
12
What is the greatest common factor of 1704 and 128?
8
What is the highest common divisor of 1746 and 10?
2
Calculate the highest common divisor of 384 and 68.
4
What is the greatest common divisor of 14 and 2191?
7
Calculate the greatest common divisor of 4074 and 7.
7
Calculate the highest common factor of 39066 and 153.
51
What is the greatest common factor of 58 and 87?
29
What is the highest common factor of 33 and 3?
3
What is the greatest common divisor of 63 and 126?
63
What is the highest common divisor of 12 and 378?
6
Calculate the greatest common factor of 74 and 851.
37
What is the highest common factor of 9417 and 129?
129
Calculate the greatest common factor of 42 and 294.
42
What is the greatest common factor of 120 and 124?
4
Calculate the greatest common divisor of 26 and 21034.
26
Calculate the highest common factor of 86 and 3182.
86
What is the highest common factor of 3387 and 3?
3
What is the highest common divisor of 36 and 324?
36
What is the greatest common divisor of 40 and 412?
4
What is the greatest common divisor of 16 and 432?
16
What is the highest common divisor of 4571 and 14?
7
What is the highest common divisor of 8 and 212?
4
Calculate the greatest common divisor of 411 and 3.
3
What is the greatest common factor of 105 and 1185?
15
What is the greatest common factor of 2755 and 2900?
145
What is the highest common divisor of 2822 and 7138?
166
What is the greatest common factor of 4087 and 268?
67
What is the highest common factor of 10428 and 24?
12
What is the greatest common divisor of 996 and 84?
12
What is the greatest common factor of 180 and 16140?
60
What is the highest common divisor of 1250 and 260?
10
Calculate the highest common divisor of 60 and 252.
12
What is the greatest common factor of 33 and 48?
3
What is the greatest common divisor of 200 and 5350?
50
Calculate